 = 2*r**2 + 42*r - 7. Determine y(-21).
-7
Let x(u) = -4*u**2 - 2*u - 1. Determine x(0).
-1
Let u(w) = 15*w + 83. Calculate u(-5).
8
Let p(i) = -i**2 + 10. Determine p(-3).
1
Let l(n) = n + 2. Give l(10).
12
Let m(u) = u**3 + 14*u**2 - 14*u + 19. Determine m(-15).
4
Let m(q) = 3*q**3 + q**2 + q - 2. Calculate m(2).
28
Let z(j) = -j**2 - 2*j + 1. What is z(0)?
1
Let i(l) = -l**3 - 7*l**2 - 10*l. What is i(-3)?
-6
Let f(a) = 27*a**2 + a + 2. Give f(-1).
28
Let r(g) = g**2 + 6*g + 6. Determine r(-4).
-2
Let k(l) = 23*l**2 + 2*l + 1. What is k(-1)?
22
Let a(h) = h**3 + 5*h**2 - 3*h + 10. What is a(-5)?
25
Let i(x) = -2*x**2 + 9*x - 4. Give i(6).
-22
Let r(x) = x**3 - x - 53. Give r(0).
-53
Let j(d) = d**2 + 12*d - 35. What is j(-15)?
10
Let y(g) = -g**3 - 19*g**2 - 38*g + 1. Calculate y(-16).
-159
Let z(j) = -j**3 + 5*j**2 + 5*j. Give z(5).
25
Let l(n) = -20*n - 85. Determine l(-6).
35
Let w(r) = r**3 - 6*r**2 - 2*r + 3. What is w(6)?
-9
Let i(o) = o**2 - 10*o - 29. Give i(12).
-5
Let h(a) = -2*a**3 + 5*a**2 + a. What is h(4)?
-44
Let u(s) = -s + 11. Give u(17).
-6
Let f(w) = w**2 - 3*w + 1. What is f(5)?
11
Let q(s) = -5*s + 15. Determine q(6).
-15
Let j(k) = -3*k**2 - 10*k - 2. Determine j(-3).
1
Let u(o) = o**2 - 8*o + 9. Give u(10).
29
Let y(m) = 7*m - 2. Calculate y(4).
26
Let g(d) = -d**2 - 25*d - 15. Give g(-25).
-15
Let p(q) = q**3 + 3*q**2 + 4*q. Calculate p(-3).
-12
Let q(l) = -14*l**2 + 2*l - 2. Calculate q(2).
-54
Let l(q) = q**2 - 11*q + 15. What is l(8)?
-9
Let r(u) = -u**3 - 5*u**2 + 5*u - 3. Give r(-7).
60
Let t(n) = 8*n - 2. What is t(4)?
30
Let z(i) = -i**3 + i - 1. Calculate z(0).
-1
Let p(g) = 38*g - 360. Give p(9).
-18
Let p(q) = q**2 + 4*q - 19. Calculate p(-6).
-7
Let r(f) = -f**3 + 44*f**2 + 98*f - 272. Give r(46).
4
Let k(i) = i**3 + 7*i**2 + 2*i + 27. Give k(-7).
13
Let s(h) = -2*h**2 - h + 4. What is s(7)?
-101
Let t(j) = j**3 - 11*j**2 - 10*j - 12. Calculate t(12).
12
Let k(z) = 4*z**3 - 2*z**2 + 4*z - 3. Give k(2).
29
Let t(y) = 13*y - 550. What is t(42)?
-4
Let w(j) = j**2 - 7*j. Determine w(6).
-6
Let h(a) = -4*a**2 + 6*a - 3. Determine h(4).
-43
Let t(n) = -7*n**2 + 16*n - 21. Determine t(4).
-69
Let j(h) = -2*h**2 - 51*h - 325. Calculate j(-14).
-3
Let t(o) = -14*o - 179. Give t(-14).
17
Let z(h) = h**3 + h**2 + h - 77. Determine z(0).
-77
Let u(j) = -6*j - 17. What is u(-4)?
7
Let h(s) = 26*s - 2. What is h(-1)?
-28
Let r(n) = -n**3 - 6*n**2 - n + 12. Calculate r(-5).
-8
Let w(a) = 5*a - 7. Give w(-3).
-22
Let a(m) = 3*m**2 - 3*m + 2. Calculate a(1).
2
Let h(d) = d + 45. What is h(-27)?
18
Let l(p) = -p**3 - 5*p**2 - 5*p. Determine l(-4).
4
Let k(m) = m**2 + 2*m - 82. Calculate k(0).
-82
Let w(m) = m**2 - 28*m - 107. Determine w(32).
21
Let t(k) = 53*k - 169. Determine t(3).
-10
Let c(q) = q**3 + 5*q**2 + 6*q + 6. Give c(-3).
6
Let r(j) = -j**2 - 9*j - 13. Calculate r(-10).
-23
Let z(r) = r - 6. Determine z(12).
6
Let g(f) = -f - 11. Give g(0).
-11
Let l(i) = -8*i**2 - 28*i + 23. Give l(-4).
7
Let p(k) = -k**3 + 2*k**2 + 2*k - 10. Determine p(0).
-10
Let o(b) = b**3 + 5*b**2 - 7*b + 2. Give o(-6).
8
Let v(y) = -y**3 - 8*y**2 + 2*y + 14. Give v(-8).
-2
Let k(q) = 3*q - 33. Determine k(9).
-6
Let o(b) = 12*b**2 + 27*b + 28. Give o(-1).
13
Let g(f) = 2*f - 6. Give g(8).
10
Let s(i) = -i**3 - 8*i**2 - 5*i - 3. What is s(-5)?
-53
Let i(q) = 12*q - 3. Determine i(2).
21
Let c(d) = 2*d**2 - 8*d - 7. Determine c(7).
35
Let h(i) = 6*i + 18. Calculate h(-7).
-24
Let u(t) = -t**3 + 14*t**2 + 12*t + 51. Calculate u(15).
6
Let k(g) = g**3 + 3*g**2 - 16*g + 6. Determine k(5).
126
Let v(z) = 2*z**2 - 6*z - 23. Calculate v(11).
153
Let f(g) = -g**2 + 3*g - 1. Determine f(4).
-5
Let j(r) = 34*r**3 + r**2 - r + 1. What is j(1)?
35
Let u(b) = -6*b**3 - b**2 - 3*b + 4. Calculate u(2).
-54
Let o(k) = -k - 16. Determine o(-6).
-10
Let w(r) = 3*r**2 - r - 3. Determine w(3).
21
Let g(o) = -o**3 - 5*o**2 + 3*o + 5. Give g(-6).
23
Let b(x) = -21*x + 640. Determine b(31).
-11
Let t(v) = -v**2 - 24*v - 53. Determine t(-22).
-9
Let q(s) = s**2 - 18*s + 12. Determine q(18).
12
Let k(h) = h**3 + h**2 - h - 2. What is k(-3)?
-17
Let x(u) = -29*u**3 - 2*u + 1. What is x(1)?
-30
Let d(n) = n**3 - 4*n**2 - 3*n - 2. Give d(5).
8
Let d(r) = -26*r. Determine d(1).
-26
Let u(f) = -f**3 + 2*f**2 + 2*f - 5. Calculate u(3).
-8
Let l(n) = n**3 - 7*n**2 + 15*n - 99. What is l(7)?
6
Let k(g) = 23*g + 1. Determine k(-1).
-22
Let s(z) = -z - 11. What is s(8)?
-19
Let v(z) = -8*z + 64. Determine v(9).
-8
Let q(l) = 2*l - 33. Determine q(18).
3
Let t(f) = -f + 4. Give t(-2).
6
Let z(u) = u**3 - 15*u**2 + 5. What is z(15)?
5
Let w(x) = 6*x. Determine w(-7).
-42
Let c(q) = -q**3 + 9*q**2 + 7. Give c(9).
7
Let z(a) = a**3 - 3*a**2 - 5*a - 11. What is z(5)?
14
Let t(b) = b**3 - 9*b**2 + 27*b - 86. Calculate t(7).
5
Let k(u) = u**3 + 15*u**2 + 15*u - 19. Calculate k(-14).
-33
Let b(u) = -2*u**3 - 11*u**2 - 3*u + 4. Calculate b(-5).
-6
Let s(f) = -2*f**2 + 31*f - 36. Calculate s(14).
6
Let a(t) = -t**3 - 12*t**2 + 12*t - 17. Determine a(-13).
-4
Let o(w) = w**2 + w + 8. What is o(8)?
80
Let s(z) = -52*z - 1. Determine s(-1).
51
Let o(b) = -b**3 - 8*b**2 - 21*b - 46. Give o(-5).
-16
Let k(m) = m**3 - 10*m**2 + 2*m - 34. Determine k(10).
-14
Let i(b) = -5*b - 77. What is i(-7)?
-42
Let t(y) = -y + 3. Calculate t(12).
-9
Let r(x) = 12*x**2 + x - 11. Calculate r(2).
39
Let i(z) = 61*z - 57. Calculate i(1).
4
Let l(g) = g**3 - g**2 - 3*g. Determine l(2).
-2
Let f(j) = 2*j**3 - 21*j**2 + 29*j - 20. Determine f(9).
-2
Let y(c) = -c**2 - 10*c - 9. What is y(-9)?
0
Let s(l) = -11*l + 2. What is s(-2)?
24
Let u(v) = -5*v + 8. Give u(-4).
28
Let m(n) = -5*n + 8. What is m(13)?
-57
Let i(k) = k**3 - 6*k**2 + k - 12. Give i(6).
-6
Let o(n) = -n**2 + 4*n - 1. Calculate o(7).
-22
Let f(s) = s**3 + 16*s**2 - 6*s + 25. Calculate f(-17).
-162
Let d(q) = q**3 - 6*q**2 + 3. Calculate d(6).
3
Let q(y) = -y**3 + 5*y**2 + 12*y - 21. Calculate q(7).
-35
Let l(f) = 5*f - 12. Give l(14).
58
Let q(v) = -v + 3. Calculate q(-5).
8
Let x(y) = -17*y - 2. Determine x(2).
-36
Let i(c) = -2*c**2 + c + 18. Determine i(5).
-27
Let c(l) = -l**3 + 5*l**2 + 25*l - 75. What is c(7)?
2
Let g(n) = 2*n**2 + 27*n - 41. Determine g(-15).
4
Let x(v) = 6*v**3 + 4*v**2 + 2*v - 3. Determine x(-2).
-39
Let u(z) = -2*z - 26. Determine u(-11).
-4
Let i(t) = t**3 + 9*t**2 + 8*t + 19. Calculate i(-8).
19
Let n(x) = -x - 1. Give n(5).
-6
Let y(d) = 10*d - 7. What is y(-3)?
-37
Let g(l) = -l**2 - 6*l + 1. What is g(-7)?
-6
Let y(g) = g**3 + 19*g**2 + 18*g + 5. Calculate y(-18).
5
Let t(i) = i**3 - 9*i**2 + 7*i - 6. Determine t(8).
-14
Let g(k) = -3*k**2. Give g(-2).
-12
Let u(k) = -k**3 + 10*k**2 + 2*k - 24. Give u(10).
-4
Let y(d) = -11*d - 229. Calculate y(-21).
2
Let b(i) = i**2 - 6*i + 7. Determine b(3).
-2
Let g(u) = -2*u + 15. What is g(11)?
-7
Let h(f) = -f**3 + f**2 - 2*f + 66. Determine h(0).
66
Let q(i) = -9*i + 146. Calculate q(12).
38
Let n(f) = 3*f - 1. What is n(5)?
14
Let q(m) = 70*m - 412. Calculate q(6).
8
Let o(j) = 3*j**2 + 3*j + 5. What is o(-3)?
23
Let l(t) = -3*t**2 - 3*t - 1. What is l(1)?
-7
Let s(u) = u - 6. What is s(-16)?
-22
Let u(k) = -2*k**2 + 12*k + 13. Determine u(9).
-41
Let g(b) = 3*b - 35. What is g(12)?
1
Let z(x) = -107*x + 210. Give z(2).
-4
Let p(d) = -d**3 + 6*d**2 - 4*d + 8. Give p(4).
24
Let q(n) = 2*n**3 + 3*n**2 + 4*n + 2. Give q(-2).
-10
Let q(m) = -m**2 + m. What is q(-2)?
-6
Let x(u) = -u**3 + u**2 - 2*u + 2. What is x(2)?
-6
Let r(h) = -h**2 - 23*h - 33. What is r(-19)?
43
Let p(k) = k**3 + 13*k**2 - 16*k - 16. Calculate p(-14).
12
Let i(l) = 5*l + 32. Calculate i(-5).
7
Let w(t) = t**3 - 2*t**2 - 7*t + 3. What is w(4)?
7
Let h(f) = -12*f**3 - 2*f**2 + f + 2. Give h(-1).
11
Let c(p) = 8*p - 28. What is c(3)?
-4
Let y(g) = g**2 + 5*g - 3. Determine y(-3).
-9
Let z(k) = -4*k**2 + 63*k - 190. Give z(12).
-10
Let r(s) = -74*s + 3. Calculate r(-1).
77
Let i(h) = 5*h**2 - 8*h - 14. Calculate i(3).
7
Let i(w) = -w - 12. Determine i(8).
-20
Let i(y) = y**3 + 4*y**2 - y - 3. What is i(-5)?
-23
Let c(n) = 32*n - 4. Calculate c(2).
60
Let c(j) = -j**2 + 5*j + 1. What is c(5)?
1
Let n(s) = s**2 + s - 20. Determine n(-7).
22
Let w(d) = 8*d - 47. Determine w(7).
9
Let x(y) = -2*y - 10